what is 5ac + 55c?
b3b
In base 8, what is -514560 - 40?
-514620
In base 3, what is 2 - -122020200?
122020202
In base 8, what is -273 + 26?
-245
In base 13, what is 7 + -39ac?
-39a5
In base 5, what is 3 + -14314342?
-14314334
In base 13, what is -34bc1 - -4?
-34bba
In base 12, what is 8 + 83952?
8395a
In base 14, what is 2d208 + 31?
2d239
In base 4, what is 122333030 + 10?
122333100
In base 3, what is -12 - 2101110?
-2101122
In base 6, what is -2 + 1352423?
1352421
In base 15, what is 5 - -3515?
351a
In base 10, what is 12 + 6157?
6169
In base 2, what is -110110100001100100 + -101?
-110110100001101001
In base 15, what is -26 + -461b?
-4642
In base 5, what is -14 - 21300?
-21314
In base 2, what is -1000011110010101011110 - 101?
-1000011110010101100011
In base 8, what is 1 - -1313332?
1313333
In base 10, what is 6369 - 195?
6174
In base 14, what is -4 + -5d9?
-5dd
In base 10, what is 2 - -30972?
30974
In base 16, what is 1140 - 6?
113a
In base 15, what is c6b6 - 5?
c6b1
In base 12, what is -3 + 113236?
113233
In base 8, what is 2652346 - -5?
2652353
In base 11, what is 44 - -221?
265
In base 8, what is 2134573 - -4?
2134577
In base 10, what is 0 - 1870?
-1870
In base 16, what is 559 + 6?
55f
In base 5, what is 4412341 - 10?
4412331
In base 6, what is -35502335 + 3?
-35502332
In base 8, what is -64 + -16?
-102
In base 11, what is 1 + 10902?
10903
In base 15, what is -1a2a38 + -5?
-1a2a3d
In base 9, what is 172 - -228?
411
In base 6, what is 3011322 + -5?
3011313
In base 13, what is 998 + -2a5?
6c3
In base 2, what is -101001000 + -10?
-101001010
In base 5, what is 4 + -24404210?
-24404201
In base 13, what is 8838 + -1a?
881b
In base 14, what is 5bc72 - 1?
5bc71
In base 7, what is 3 - 12361?
-12355
In base 13, what is -b2a + 511?
-619
In base 2, what is -10 + -11110000111?
-11110001001
In base 9, what is -12634 + -20?
-12654
In base 7, what is 1156332 - 4?
1156325
In base 6, what is 2134015 - 4?
2134011
In base 10, what is 4 + 13244?
13248
In base 10, what is 30043 - -8?
30051
In base 6, what is 113125313 + -4?
113125305
In base 13, what is -79b - 31?
-7cc
In base 12, what is 1694 + -7?
1689
In base 5, what is 0 - -113414?
113414
In base 6, what is 5051510 - -5?
5051515
In base 16, what is 1b49 + -4?
1b45
In base 11, what is 5149 + -241?
4a08
In base 3, what is 0 + -11211102120?
-11211102120
In base 16, what is -2621 + 9c?
-2585
In base 4, what is -1211021111 + 2?
-1211021103
In base 10, what is -2 + -7449?
-7451
In base 3, what is 1 + -10020001211?
-10020001210
In base 4, what is 0 + -2111121?
-2111121
In base 13, what is 3884 - 5?
387c
In base 16, what is -243b + -1?
-243c
In base 15, what is 5 - -3c6e?
3c74
In base 9, what is 247 + -5160?
-4812
In base 5, what is 142 - -2143220?
2143412
In base 12, what is -5 + 3353?
334a
In base 7, what is 64 + 43020?
43114
In base 5, what is -3332243 - -20?
-3332223
In base 11, what is 14 - 10?
4
In base 2, what is 11111001000 - 10110101000?
1000100000
In base 16, what is -2 + 2b86?
2b84
In base 5, what is 401034 + 10?
401044
In base 10, what is 160 + 6376?
6536
In base 2, what is -1001010111 + 1110001010?
100110011
In base 10, what is -9443 + -13?
-9456
In base 10, what is 33861 + 3?
33864
In base 4, what is -20310 - -31?
-20213
In base 3, what is 20 - -1122200011?
1122200101
In base 2, what is 11100 + 111111111000?
1000000010100
In base 15, what is -2413 - 5?
-2418
In base 15, what is 33b - -338?
674
In base 2, what is -1011111111 - -111100101?
-100011010
In base 13, what is 3b + 3098?
3106
In base 14, what is 14 - 156d?
-1559
In base 14, what is -1 - -160c5?
160c4
In base 10, what is 374 + 57?
431
In base 2, what is 11010010 + -1001010101?
-110000011
In base 13, what is -1ba8 - b?
-1bb6
In base 6, what is -2320540 - 4?
-2320544
In base 10, what is 17 - 30461?
-30444
In base 15, what is 255797 + -3?
255794
In base 11, what is 6 + -7457?
-7451
In base 14, what is -857d4 + -4?
-857d8
In base 15, what is -1 + -8b4?
-8b5
In base 14, what is 2 - -d7a2?
d7a4
In base 16, what is 30c - e?
2fe
In base 14, what is 1a + 120db?
12117
In base 8, what is 11 - -25402?
25413
In base 8, what is -1 + 3420160?
3420157
In base 7, what is -4053411 + 3?
-4053405
In base 14, what is -1 + -11da3a?
-11da3b
In base 15, what is 1e3 - -278?
46b
In base 9, what is -60243 + -14?
-60257
In base 13, what is -47 - 97b?
-9c5
In base 10, what is 3 + 362539?
362542
In base 5, what is -4 + -1233443?
-1234002
In base 2, what is -111101011 - 111110101?
-1111100000
In base 9, what is -2830 + 70?
-2750
In base 16, what is 464 + 5?
469
In base 5, what is 4 - 431024?
-431020
In base 8, what is 371 - -5337?
5730
In base 8, what is 11726274 + 4?
11726300
In base 3, what is 120202211000 + 10?
120202211010
In base 6, what is -20 - 2220350?
-2220410
In base 12, what is 6 - -1b778?
1b782
In base 10, what is 3 + -7460?
-7457
In base 8, what is 1134 + -250?
664
In base 3, what is 20022 + 1021000120?
1021020212
In base 5, what is 142004 + -200?
141304
In base 11, what is 6 - -307971?
307977
In base 14, what is -4 - -11772?
1176c
In base 6, what is 11 + -115440?
-115425
In base 4, what is -213222 + -11?
-213233
In base 4, what is -1230210 - 30?
-1230300
In base 10, what is -5155 - -60?
-5095
In base 16, what is -e - b54d?
-b55b
In base 16, what is a4 - -9c?
140
In base 11, what is -785a92 - 5?
-785a97
In base 5, what is 110 - 23244?
-23134
In base 12, what is 0 + 18a643?
18a643
In base 14, what is a029 + 5?
a030
In base 3, what is -2222 + -211010?
-221002
In base 10, what is -7423 - -6?
-7417
In base 6, what is -4 + 411523?
411515
In base 4, what is -2 + 130330102?
130330100
In base 11, what is -18 - 4aa4?
-5011
In base 8, what is 137433 + 2?
137435
In base 2, what is 11000010101100110010 + 10?
11000010101100110100
In base 13, what is -21919 + 4?
-21915
In base 15, what is 2b - -779e?
77ca
In base 15, what is -4 - 5e62?
-5e66
In base 16, what is -5 + -f468?
-f46d
In base 11, what is -11 + -115a?
-1170
In base 7, what is -14534 - 234?
-15101
In base 13, what is -2670 - 1a7?
-2847
In base 4, what is 331 - -11300?
12231
In base 3, what is -2111011 + 120?
-2110121
In base 14, what is 11a41 + 5?
11a46
In base 14, what is 64 + 3573?
35d7
In base 3, what is 112 + -20121012?
-20120200
In base 9, what is 8405887 - 1?
8405886
In base 12, what is 528aa6 + 1?
528aa7
In base 2, what is 101010011111111011 - 100?
101010011111110111
In base 15, what is 2 - 22575?
-22573
In base 5, what is -344322 + -4?
-344331
In base 6, what is 1045 + 53025?
54114
In base 11, what is 159a156 + -5?
159a151
In base 11, what is 3680 - -25?
36a5
In base 16, what is -65ba - -26?
-6594
In base 12, what is 9b93 - -a2?
a075
In base 13, what is 45 + 246?
28b
In base 5, what is -4 - -40102?
40043
In base 10, what is 779650 - -7?
779657
In base 12, what is -1 - -6653a?
66539
In base 7, what is -2 - 60416?
-60421
In base 9, what is 17735 - -81?
17826
In base 15, what is -56891 + 3?
-5688d
In base 8, what is -2662 - -121?
-2541
In base 3, what is 1 + 1112102221?
1112102222
In base 3, what is -120221200 - 111?
-120222011
In base 9, what is -16512 - 5?
-16517
In base 10, what is 54258 + 5?
54263
In base 6, what is 22442034 - -10?
22442044
In base 9, what is -5 - 5431?
-5436
In base 4, what is -3100 - -122322?
113222
In base 12, what is 95b3 + -2?
95b1
In base 8, what is 13227 + 11?
13240
In base 9, what is -28 + 7725?
7686
In base 8, what is -72 - -5370?
5276
In base 6, what is 40 + -2202?
-2122
In base 6, what is -2 + -25111?
-25113
In base 2, what is -10 + -101110000100000?
-101110000100010
In base 7, what is 41035 + -112?
40623
In base 8, what is -354776 - 2?
-355000
In base 14, what is 4 + 8ac0?
8ac4
In base 12, what is -4 + 39ba4?
39ba0
In base 7, what is -33 - 4324?
-4360
In base 3, what is -100212112 - 22?
-100212211
In base 4, what is -1 + 101113231?
101113230
In base 2, what is 101 - 100101000011000?
-100101000010011
In base 5, what is 3 + 204300?
204303
In base 10, what is 1 - 124481?
-124480
In base 11, what is 98454 - -4?
98458
In base 7, what is 404 + -142?
232
In base 7, what is 1311241 + -6?
1311232
In base 10, what is 22304 + 34?
22338
In base 6, what is 4 + 1230322?
1230330
In base 2, what is 100001010110 + 111011?
100010010001
In base 10, what is 11831 - -3?
11834
In base 15, what is 